 377?
166
What is the remainder when 36770399 is divided by 119?
113
What is the remainder when 376819 is divided by 6386?
45
What is the remainder when 19505949 is divided by 260?
229
Calculate the remainder when 2888647 is divided by 49.
48
Calculate the remainder when 8146474 is divided by 1173.
1162
Calculate the remainder when 15404179 is divided by 542.
539
What is the remainder when 192804 is divided by 8363?
455
What is the remainder when 11593 is divided by 11589?
4
What is the remainder when 4091 is divided by 3104?
987
Calculate the remainder when 148179 is divided by 16457.
66
Calculate the remainder when 10009164 is divided by 1395.
39
Calculate the remainder when 7381722 is divided by 58585.
12
What is the remainder when 82041364 is divided by 2131?
2126
Calculate the remainder when 8810472 is divided by 2936823.
3
What is the remainder when 11956937 is divided by 747306?
41
Calculate the remainder when 81751 is divided by 39932.
1887
Calculate the remainder when 9748554 is divided by 4874266.
22
What is the remainder when 121138 is divided by 42?
10
What is the remainder when 61348 is divided by 96?
4
Calculate the remainder when 17829701 is divided by 1607.
36
Calculate the remainder when 1663380 is divided by 18900.
180
Calculate the remainder when 191320 is divided by 134.
102
Calculate the remainder when 29807 is divided by 8585.
4052
What is the remainder when 702365 is divided by 116996?
389
What is the remainder when 191194753 is divided by 157?
153
Calculate the remainder when 46951 is divided by 297.
25
Calculate the remainder when 124905 is divided by 20814.
21
What is the remainder when 4677344 is divided by 208?
48
Calculate the remainder when 2147490 is divided by 2147484.
6
What is the remainder when 9122160 is divided by 1108?
1104
What is the remainder when 165452 is divided by 5512?
92
Calculate the remainder when 47904 is divided by 239.
104
What is the remainder when 71345 is divided by 33?
32
Calculate the remainder when 8080157 is divided by 171.
65
Calculate the remainder when 328366 is divided by 5466.
406
Calculate the remainder when 439292 is divided by 219640.
12
What is the remainder when 198753 is divided by 480?
33
What is the remainder when 17086563 is divided by 17086559?
4
Calculate the remainder when 155648 is divided by 239.
59
Calculate the remainder when 19174 is divided by 19043.
131
Calculate the remainder when 14423 is divided by 1177.
299
Calculate the remainder when 244295193 is divided by 12.
9
Calculate the remainder when 3902735 is divided by 12158.
17
What is the remainder when 105357063 is divided by 265383?
12
What is the remainder when 501975 is divided by 222?
33
Calculate the remainder when 2680468 is divided by 1340218.
32
What is the remainder when 1914245 is divided by 3394?
29
Calculate the remainder when 329469 is divided by 1318.
1287
What is the remainder when 16385645 is divided by 4096409?
9
Calculate the remainder when 238715 is divided by 17757.
7874
Calculate the remainder when 66174215 is divided by 1610.
1605
Calculate the remainder when 15834186 is divided by 29.
12
What is the remainder when 413584 is divided by 803?
39
Calculate the remainder when 669546 is divided by 66746.
2086
Calculate the remainder when 112563 is divided by 859.
34
What is the remainder when 176858 is divided by 176568?
290
What is the remainder when 122491593 is divided by 4268?
4261
Calculate the remainder when 126563 is divided by 791.
3
What is the remainder when 9338030 is divided by 3090?
50
Calculate the remainder when 33119836 is divided by 335.
61
Calculate the remainder when 1304957 is divided by 320.
317
What is the remainder when 60077 is divided by 988?
797
What is the remainder when 21941092 is divided by 18014?
40
Calculate the remainder when 2492178 is divided by 10134.
9348
Calculate the remainder when 11196980 is divided by 223939.
30
What is the remainder when 11739446 is divided by 6401?
12
Calculate the remainder when 32462134 is divided by 66.
34
What is the remainder when 170398753 is divided by 1809?
1807
What is the remainder when 184261 is divided by 1053?
1039
What is the remainder when 6325154 is divided by 14674?
660
Calculate the remainder when 106719 is divided by 865.
324
What is the remainder when 193125 is divided by 39?
36
Calculate the remainder when 122906 is divided by 2730.
56
Calculate the remainder when 868528 is divided by 237.
160
Calculate the remainder when 1505205 is divided by 4763.
97
What is the remainder when 9428307 is divided by 2415?
147
Calculate the remainder when 230233048 is divided by 15.
13
What is the remainder when 34291246 is divided by 175?
171
What is the remainder when 33635379 is divided by 13?
11
Calculate the remainder when 2546959 is divided by 165.
19
What is the remainder when 42557 is divided by 10567?
289
Calculate the remainder when 312175 is divided by 937.
154
Calculate the remainder when 574278 is divided by 609.
600
What is the remainder when 72487153 is divided by 635?
633
Calculate the remainder when 475860 is divided by 79283.
162
What is the remainder when 495864 is divided by 153?
144
What is the remainder when 3020088 is divided by 213?
174
Calculate the remainder when 69351770 is divided by 69351766.
4
Calculate the remainder when 24394144 is divided by 1676.
1640
Calculate the remainder when 291286 is divided by 31606.
6832
Calculate the remainder when 14137149 is divided by 34.
17
What is the remainder when 38644371 is divided by 1303?
1300
What is the remainder when 2359304 is divided by 983?
104
Calculate the remainder when 224085 is divided by 24898.
3
Calculate the remainder when 132453 is divided by 2616.
1653
What is the remainder when 3451856949 is divided by 8555?
8554
Calculate the remainder when 3492471 is divided by 22.
15
What is the remainder when 4122760 is divided by 3005?
2905
What is the remainder when 20361 is divided by 1018?
1
What is the remainder when 1307777 is divided by 459?
86
Calculate the remainder when 5772 is divided by 5508.
264
Calculate the remainder when 22900846 is divided by 1145042.
6
What is the remainder when 57099 is divided by 5530?
1799
Calculate the remainder when 1038989 is divided by 38430.
1379
What is the remainder when 1270152 is divided by 867?
864
What is the remainder when 37892 is divided by 221?
101
Calculate the remainder when 140941838 is divided by 16.
14
What is the remainder when 2401881 is divided by 822?
819
What is the remainder when 66032 is divided by 4455?
3662
What is the remainder when 11726490 is divided by 147?
6
What is the remainder when 15791415 is divided by 10328?
10231
Calculate the remainder when 1970291 is divided by 4519.
7
What is the remainder when 4465559 is divided by 31?
9
Calculate the remainder when 39419 is divided by 3222.
755
What is the remainder when 4523572 is divided by 117?
1
What is the remainder when 232097 is divided by 5595?
2702
Calculate the remainder when 577275225 is divided by 71.
69
What is the remainder when 328669 is divided by 1792?
733
Calculate the remainder when 7031764 is divided by 8167.
8144
What is the remainder when 15075 is divided by 3165?
2415
Calculate the remainder when 59086 is divided by 201.
193
What is the remainder when 52766 is divided by 52713?
53
What is the remainder when 12229331 is divided by 1626?
185
Calculate the remainder when 3999112 is divided by 575.
562
Calculate the remainder when 567937 is divided by 15.
7
Calculate the remainder when 6023301 is divided by 266.
263
Calculate the remainder when 36452 is divided by 4427.
1036
Calculate the remainder when 1116450 is divided by 17176.
10
What is the remainder when 335571 is divided by 188?
179
What is the remainder when 282529 is divided by 1256?
1185
Calculate the remainder when 624665 is divided by 216.
209
What is the remainder when 2106315298 is divided by 16150?
16148
Calculate the remainder when 23752 is divided by 676.
92
What is the remainder when 875767 is divided by 11319?
4204
Calculate the remainder when 155899527 is divided by 51.
24
Calculate the remainder when 88824840 is divided by 3167.
3158
What is the remainder when 11284990 is divided by 139?
136
What is the remainder when 390750 is divided by 39072